{"id":2827,"date":"2022-04-21T10:23:07","date_gmt":"2022-04-21T08:23:07","guid":{"rendered":"http:\/\/snasub-fsu-grenoble.fr\/?page_id=2827"},"modified":"2022-04-21T10:30:43","modified_gmt":"2022-04-21T08:30:43","slug":"rejoignez-nous","status":"publish","type":"page","link":"https:\/\/snasub-fsu-grenoble.fr\/?page_id=2827","title":{"rendered":"Rejoignez-nous !"},"content":{"rendered":"\n<p>Adh\u00e9rer au SNASUB, c\u2019est renforcer un syndicat qui a d\u00e9j\u00e0 fait la preuve de son efficacit\u00e9 et de sa repr\u00e9sentativit\u00e9 (1er syndicat dans l&rsquo;acad\u00e9mie).<br>Adh\u00e9rer au SNASUB, c\u2019est rejoindre un syndicat qui affirme l\u2019importance du r\u00f4le des personnels non-enseignants au sein du syst\u00e8me \u00e9ducatif pour la r\u00e9ussite des \u00e9l\u00e8ves et des \u00e9tudiants<br>Adh\u00e9rer au SNASUB, c\u2019est choisir la FSU, premi\u00e8re force syndicale de l\u2019\u00c9ducation, de la Recherche et de la Culture.<\/p>\n\n\n\n<p><\/p>\n\n\n\n<h4 class=\"has-text-align-center wp-block-heading\">Alors, n\u2019h\u00e9sitez plus, faites entendre votre voix, syndiquez-vous.<\/h4>\n\n\n\n<p class=\"has-text-align-center has-vivid-green-cyan-color has-text-color\"><em>Si vous n\u2019\u00eates pas imposable, votre cotisation ouvre droit \u00e0 un cr\u00e9dit d\u2019imp\u00f4t (ch\u00e8que du Tr\u00e9sor public) de 66&nbsp;% du montant de la cotisation vers\u00e9e.<\/em><\/p>\n\n\n\n<p class=\"has-text-align-center has-vivid-green-cyan-color has-text-color\"><em>Si vous \u00eates imposable, <em>votre cotisation ouvre droit <\/em>\u00e0 une r\u00e9duction d\u2019imp\u00f4t de 66 % du montant de la cotisation.<\/em><\/p>\n\n\n\n<p><\/p>\n\n\n\n<div data-wp-interactive=\"core\/file\" class=\"wp-block-file\"><object data-wp-bind--hidden=\"!state.hasPdfPreview\" hidden class=\"wp-block-file__embed\" data=\"http:\/\/snasub-fsu-grenoble.fr\/wp-content\/uploads\/2022\/04\/bulletinadhesionnational2022web2.pdf\" type=\"application\/pdf\" style=\"width:100%;height:600px\" aria-label=\"Contenu embarqu\u00e9 Contenu embarqu\u00e9 bulletinadhesionnational2022web2..\"><\/object><a id=\"wp-block-file--media-62c3860d-30ee-4524-b1eb-c3a10f8fa65d\" href=\"http:\/\/snasub-fsu-grenoble.fr\/wp-content\/uploads\/2022\/04\/bulletinadhesionnational2022web2.pdf\">bulletinadhesionnational2022web2<\/a><a href=\"http:\/\/snasub-fsu-grenoble.fr\/wp-content\/uploads\/2022\/04\/bulletinadhesionnational2022web2.pdf\" class=\"wp-block-file__button\" download aria-describedby=\"wp-block-file--media-62c3860d-30ee-4524-b1eb-c3a10f8fa65d\">T\u00e9l\u00e9charger<\/a><\/div>\n","protected":false},"excerpt":{"rendered":"<p>Rejoignez-nous, adh\u00e9rez au SNASUB-FSU !<\/p>\n","protected":false},"author":1,"featured_media":0,"parent":0,"menu_order":0,"comment_status":"closed","ping_status":"closed","template":"","meta":{"footnotes":""},"class_list":["post-2827","page","type-page","status-publish","hentry"],"_links":{"self":[{"href":"https:\/\/snasub-fsu-grenoble.fr\/index.php?rest_route=\/wp\/v2\/pages\/2827","targetHints":{"allow":["GET"]}}],"collection":[{"href":"https:\/\/snasub-fsu-grenoble.fr\/index.php?rest_route=\/wp\/v2\/pages"}],"about":[{"href":"https:\/\/snasub-fsu-grenoble.fr\/index.php?rest_route=\/wp\/v2\/types\/page"}],"author":[{"embeddable":true,"href":"https:\/\/snasub-fsu-grenoble.fr\/index.php?rest_route=\/wp\/v2\/users\/1"}],"replies":[{"embeddable":true,"href":"https:\/\/snasub-fsu-grenoble.fr\/index.php?rest_route=%2Fwp%2Fv2%2Fcomments&post=2827"}],"version-history":[{"count":2,"href":"https:\/\/snasub-fsu-grenoble.fr\/index.php?rest_route=\/wp\/v2\/pages\/2827\/revisions"}],"predecessor-version":[{"id":2834,"href":"https:\/\/snasub-fsu-grenoble.fr\/index.php?rest_route=\/wp\/v2\/pages\/2827\/revisions\/2834"}],"wp:attachment":[{"href":"https:\/\/snasub-fsu-grenoble.fr\/index.php?rest_route=%2Fwp%2Fv2%2Fmedia&parent=2827"}],"curies":[{"name":"wp","href":"https:\/\/api.w.org\/{rel}","templated":true}]}}